ate the highest common divisor of 39491 and 21505.
391
What is the highest common factor of 4619325 and 1275?
1275
What is the greatest common factor of 15 and 30875?
5
Calculate the greatest common factor of 10516 and 28.
4
What is the greatest common divisor of 1267 and 39458?
181
Calculate the greatest common factor of 11150335 and 35.
35
What is the greatest common factor of 13212 and 2608636?
1468
Calculate the highest common factor of 75 and 238605.
15
What is the greatest common factor of 1617 and 5250?
21
Calculate the highest common factor of 2691747 and 183.
183
Calculate the highest common factor of 697 and 103361.
41
What is the greatest common divisor of 15045500 and 25?
25
Calculate the highest common factor of 425 and 109.
1
Calculate the greatest common divisor of 336 and 828264.
24
What is the highest common factor of 9716 and 140?
28
What is the greatest common factor of 2059 and 280947?
71
Calculate the highest common factor of 62 and 217496.
62
Calculate the highest common divisor of 432311 and 77.
11
Calculate the highest common divisor of 1600 and 187700.
100
Calculate the greatest common divisor of 16612 and 36.
4
Calculate the greatest common divisor of 75 and 2878275.
75
Calculate the greatest common factor of 555695 and 140.
35
Calculate the highest common divisor of 595 and 66895.
85
Calculate the greatest common divisor of 19278 and 7973.
119
What is the highest common divisor of 153 and 261477?
153
Calculate the greatest common factor of 263272 and 32.
8
Calculate the highest common divisor of 19 and 3328933.
19
What is the highest common factor of 1860 and 6572?
124
Calculate the greatest common divisor of 988146 and 348.
174
What is the highest common factor of 1434 and 1488014?
478
Calculate the greatest common factor of 32550 and 398350.
1550
What is the highest common divisor of 46109 and 941?
941
Calculate the highest common factor of 2368 and 46694.
74
Calculate the greatest common factor of 631278 and 102.
102
What is the greatest common divisor of 45054 and 162?
18
Calculate the greatest common factor of 2628930 and 30.
30
What is the greatest common factor of 1729257 and 204?
51
What is the highest common factor of 405955 and 880?
55
Calculate the greatest common factor of 129875 and 250.
125
Calculate the greatest common factor of 3624 and 1992.
24
What is the highest common factor of 2184 and 750?
6
Calculate the greatest common factor of 949 and 314484.
73
What is the greatest common factor of 27 and 57699?
27
Calculate the greatest common factor of 6868 and 1564.
68
Calculate the greatest common factor of 104 and 362492.
52
What is the greatest common divisor of 280 and 137396?
28
Calculate the highest common divisor of 3132 and 28296.
108
What is the highest common divisor of 376155 and 351?
117
What is the highest common factor of 121 and 248413?
121
What is the greatest common divisor of 49944 and 120?
24
Calculate the greatest common divisor of 156 and 26148.
12
Calculate the highest common factor of 88 and 285802.
22
What is the greatest common factor of 90 and 924390?
90
Calculate the highest common factor of 8540 and 924.
28
What is the greatest common divisor of 21845 and 255?
85
Calculate the greatest common factor of 152117 and 31.
31
Calculate the greatest common divisor of 380181 and 5295.
1059
What is the highest common factor of 11995663 and 3158?
1579
Calculate the highest common divisor of 423839 and 13.
13
What is the highest common divisor of 196176 and 86864?
976
Calculate the highest common divisor of 143110 and 11709.
1301
Calculate the highest common factor of 560 and 446320.
560
What is the greatest common divisor of 21 and 333417?
21
Calculate the greatest common divisor of 535 and 551906.
107
Calculate the highest common divisor of 189320 and 1420.
20
What is the highest common divisor of 1309 and 12257?
119
What is the greatest common factor of 63 and 1422855?
63
What is the highest common factor of 39269 and 1101?
367
Calculate the greatest common factor of 23 and 415748.
23
What is the greatest common factor of 476 and 95438?
238
What is the greatest common factor of 890 and 835265?
445
Calculate the highest common divisor of 15870 and 61410.
690
What is the highest common divisor of 1782 and 423?
9
Calculate the highest common factor of 114709 and 49.
49
What is the highest common divisor of 14619 and 363?
33
What is the highest common divisor of 796 and 3862192?
796
What is the greatest common factor of 4693 and 11362?
247
What is the highest common divisor of 1743 and 2205?
21
Calculate the greatest common divisor of 199 and 874.
1
Calculate the highest common divisor of 44 and 43576.
4
What is the greatest common divisor of 690 and 1242?
138
What is the highest common divisor of 5680 and 105?
5
What is the greatest common factor of 12857 and 575?
23
What is the highest common factor of 331920 and 19440?
720
Calculate the highest common divisor of 1309 and 1925.
77
What is the highest common factor of 20 and 524060?
20
What is the highest common factor of 64070 and 13115?
215
Calculate the greatest common factor of 20476096 and 2368.
2368
Calculate the greatest common divisor of 1359 and 7911.
9
What is the greatest common divisor of 52 and 107302?
26
Calculate the highest common factor of 852 and 71736.
12
Calculate the highest common divisor of 14708782 and 11.
11
Calculate the highest common divisor of 44 and 567380.
44
Calculate the greatest common divisor of 24 and 753384.
24
Calculate the greatest common factor of 4266 and 28914.
474
What is the greatest common divisor of 7181 and 2338?
167
What is the greatest common factor of 1620 and 87885?
405
Calculate the highest common factor of 1050736 and 544.
272
What is the highest common factor of 34296 and 48?
24
What is the greatest common divisor of 159417 and 117?
9
What is the greatest common divisor of 2555 and 224329?
511
What is the greatest common factor of 553656 and 23?
23
What is the greatest common divisor of 314 and 611986?
314
Calculate the highest common divisor of 45 and 92385.
45
What is the highest common factor of 198 and 148698?
198
Calculate the greatest common factor of 275872 and 9324.
148
Calculate the greatest common factor of 304 and 488984.
152
What is the highest common factor of 165 and 82335?
165
What is the highest common divisor of 87570 and 14?
14
Calculate the greatest common divisor of 700 and 283325.
175
What is the highest common factor of 4485 and 298080?
345
What is the greatest common divisor of 342573 and 462?
231
What is the greatest common divisor of 30926 and 15792?
658
Calculate the greatest common factor of 21284400 and 24.
24
Calculate the greatest common divisor of 830248 and 472.
472
Calculate the greatest common divisor of 404 and 24139.
101
Calculate the greatest common divisor of 180 and 832400.
20
What is the highest common divisor of 4616745 and 105?
105
Calculate the highest common divisor of 3901 and 44227.
47
What is the highest common divisor of 5348 and 13692?
28
Calculate the highest common divisor of 149944 and 8.
8
Calculate the greatest common factor of 18 and 1612890.
18
Calculate the highest common factor of 140 and 8015.
35
What is the highest common factor of 4378 and 1122?
22
What is the highest common factor of 2327088 and 48?
48
Calculate the highest common divisor of 215 and 107285.
215
What is the highest common divisor of 15750 and 819?
63
What is the highest common divisor of 3656364 and 848?
212
Calculate the greatest common factor of 7075 and 215363.
283
What is the greatest common divisor of 234 and 26520?
78
What is the greatest common divisor of 36 and 9012?
12
Calculate the greatest common factor of 185329 and 21532.
769
What is the highest common factor of 126101 and 2021?
47
Calculate the highest common divisor of 9240 and 1855.
35
Calculate the highest common divisor of 44 and 161436.
44
Calculate the highest common factor of 20 and 8285.
5
What is the highest common divisor of 96551 and 182?
91
What is the greatest common factor of 56 and 24424?
8
Calculate the highest common factor of 940193 and 61.
61
What is the greatest common factor of 766 and 31406?
766
Calculate the highest common divisor of 61523 and 2585.
517
What is the h